- 5065 = m. Suppose -5*b + a = -302. Is b a prime number?
True
Let o(w) = 1455*w**2 + 557*w + 29. Is o(41) prime?
False
Suppose -12*n + 7*n = 65865. Let w = n - -24830. Is w composite?
False
Suppose g + 20 = 5*w, 2*w - 40 = -5*g - w. Let o be g + (3 - 5) + 1. Suppose 2817 - 493 = o*t. Is t composite?
True
Suppose -11*r + 30*r = -24*r + 1002545. Is r a composite number?
True
Suppose -20690 = -37*v + 32*v. Let w = v + -1635. Is w prime?
True
Let u be 144/(-108)*(-474)/(-4). Let a = -128 - u. Suppose a*k - 26*k - 764 = 0. Is k prime?
True
Let m = 1113 + -570. Let i = 838 + m. Is i a composite number?
False
Suppose 0 = -10*x + 5*x + 10. Suppose 2*c - x*f + 5 = -3*f, -3*f = 4*c + 15. Suppose -2307 = -c*r - 3*r. Is r prime?
True
Let h = 2798 - 5751. Let c = -1889 - h. Suppose -c = -8*w + 912. Is w a prime number?
False
Is (-4716)/24*(-202)/3 composite?
True
Let x(l) = -5 + 2 + 8 + 837*l. Let d = 318 - 316. Is x(d) a prime number?
False
Suppose 0*y + 2*u = y - 8, 5*u = 2*y - 19. Let a(g) = 174*g**2 + 3*g - 1. Is a(y) a prime number?
True
Suppose 77051 = 3*x - 19494 - 87382. Is x prime?
False
Let q be 1923 + 9 - (-2 + 0). Let y = q + -475. Is y prime?
True
Let h(p) = -p**2 - 16*p + 36. Let m(n) = -2*n - 23. Let w(y) = -4*y - 47. Let x(k) = 13*m(k) - 6*w(k). Let s be x(0). Is h(s) composite?
False
Let x = 18013 - 2412. Is x prime?
True
Suppose 9 = -2*t - 3. Is (858018/35)/t*-5 a prime number?
False
Suppose 112*d = 225*d - 64429097. Is d a composite number?
True
Let y = 7929 - 4152. Suppose -4*n + 5*v = -5036, 7*v - 10*v + y = 3*n. Is n a prime number?
True
Let t(d) = 382*d - 13. Is t(27) a prime number?
True
Let m(u) = 204*u**2 - 80*u + 15. Is m(-14) prime?
False
Let q = -37 + 40. Suppose -9 = -5*g + m, -g - 3*m = -2*m - q. Suppose 2099 = g*b - b. Is b composite?
False
Suppose 1120 = 6*c - 13*c. Let m be (-6 - c/25)/(1/5). Suppose m*d = 775 + 4839. Is d a composite number?
True
Suppose -40*c + 29324 = -230756. Is c composite?
True
Let k = -27 - 23. Let f = k + 43. Let a(l) = 12*l**2 + 5*l - 24. Is a(f) a prime number?
False
Let y = -25452 - -35944. Let k = -6821 + y. Is k composite?
False
Let a be (6/5)/((-39)/(-130)) + 61746. Let q = 97731 - a. Is q prime?
False
Let i = 44 + -41. Suppose l - 5 = 4*r + 8, -i*r + 2*l - 16 = 0. Let h(u) = -1972*u + 5. Is h(r) a composite number?
True
Let g be 1*-3 - (-85)/17. Let k be g - 5 - (1 - 0 - 1754). Let c = k - -3423. Is c composite?
True
Let x be 6/24 - (-454)/8. Let n(z) = -320*z + 16. Let l be n(-3). Let t = l - x. Is t a prime number?
True
Suppose 60 + 501 = -11*u. Let k = 53 + u. Suppose 0 = -k*a + 121 + 177. Is a a composite number?
False
Let w(s) = -489*s**2 - 4*s + 1. Let k be w(-3). Let z = k + 7423. Is z composite?
True
Suppose 2*v - 22 = 4*q, -21 = -3*v + 20*q - 18*q. Suppose -d + g = -4*d + 2738, v*d - 4554 = -4*g. Is d prime?
False
Let d(j) = 31*j**3 - 10*j**2 + 62*j - 70. Is d(13) composite?
False
Let p = 700895 - 32328. Is p prime?
True
Let d = -568470 + 932711. Is d prime?
True
Let m(h) = h**3 - 5*h**2 + 2*h + 12. Let c = 70 - 66. Let q be m(c). Suppose q*b - 3*n - 1033 = 0, -2*b - n = -6*b + 1035. Is b a composite number?
True
Suppose 35 = -3*n - 4*y, -n + 3*y + 52 = 68. Let s(v) = -1741*v + 166. Is s(n) a composite number?
True
Is (-10446692 + -38)/35*(-2)/4 prime?
True
Suppose 8*a - 4717489 = 1058881 + 3473318. Is a a composite number?
True
Suppose 0*w - 341 = -2*w - 3*u, -872 = -5*w - u. Suppose w = p - 186. Is p a composite number?
True
Let o = 553432 + -207617. Is o composite?
True
Let x = 54810 - 27229. Let h = x - 9052. Is h a prime number?
False
Suppose -20 = 14*s - 9*s + 2*n, 2*n + 14 = -4*s. Is (-13)/3*1206/s prime?
False
Suppose -1521*o + 1518*o + b = -2325718, b = -2*o + 1550467. Is o composite?
False
Let y be 168/(-4)*1/(-2)*-181. Let q = y + 2212. Let b = -1027 - q. Is b a prime number?
False
Suppose -472243 = 29*d - 46*d. Is d prime?
True
Suppose j = -1, -5*j = 4*v + 493 + 1320. Let a = v + 1639. Is a composite?
False
Suppose -10 = 2*f - 14. Let j be -20 - -16 - 38590/f. Is (j/42)/((-2)/4) a prime number?
True
Let c = 60 - 63. Let o be -2 + 8292/((-9)/c). Let x = o + -1219. Is x a prime number?
True
Is 1081310/45 + (-27)/243 a prime number?
True
Suppose -5*s + 20*h + 347750 = 16*h, 3*h = 15. Let o = 155715 - s. Is o a prime number?
True
Is (-81861)/((-14 + 8)/2) composite?
True
Suppose -12*q = 5*j - 17*q - 7030, 0 = -j - 2*q + 1400. Let n = j - -539. Is n composite?
True
Let t = 82112 + -51439. Suppose 3*a + 2*z - t = 0, a - 4233 = -5*z + 6000. Is a a composite number?
False
Let q(c) = 762*c**2 + 3*c - 17. Let v = -379 - -383. Is q(v) prime?
False
Let v = -399 - -392. Is (-44937)/(-9) - (-1 - v) composite?
False
Let q(x) be the second derivative of 2*x**3/3 - 7*x**2 + 37*x. Let o be q(14). Suppose -o*g + 34*g = -6704. Is g composite?
True
Let m(d) = d**2 + 40*d - 10. Let l(s) = -s**2 - 83*s + 20. Let h(y) = 2*l(y) + 5*m(y). Is h(6) prime?
False
Let p = 14190 + -10031. Suppose -2*m + 3*m - 2532 = 5*i, -4*m - 2*i = -10084. Let j = p - m. Is j prime?
True
Let c(l) = -l**2 - 13*l + 1. Let x be c(-11). Suppose 6*w = 4*y + w - x, -y + 5*w = -2. Suppose y*v - 1692 = 863. Is v composite?
True
Let y(g) = -2462*g + 13. Let i be y(-10). Suppose -3*d - 5904 = -i. Suppose -8*u - d = -27115. Is u a prime number?
True
Let i be (-20)/(-12) - (-300)/(-45). Let v(y) = -3500*y - 33. Is v(i) a composite number?
False
Suppose 29*j - 21*j + 114928 = 0. Is j/(-4) + 6/4 composite?
False
Suppose -6*b = 2*b - 16. Suppose -3*q = -5*y - 7*q + 41105, 5*y - b*q - 41105 = 0. Is y a prime number?
True
Let t(b) = b**2 - 7*b - 10. Let g be t(8). Let o be g + 3 - (3 - 0/(-4)). Is (-38 + -2 - o)*123/(-6) composite?
True
Suppose 2*d - 2*l = -0*d + 14, 5*l = 25. Is 12511 - 4/(-8)*d prime?
True
Let y(f) = -2*f + 40. Suppose 2*p + o - 5*o = 44, -5*p = -o - 92. Let x be y(p). Is (2302/x)/(1/2) a prime number?
True
Let p(h) = 11897*h**2 - 135*h + 5. Is p(-4) composite?
True
Suppose -6 = 67*m - 64*m. Let u(n) = -1007*n**3 - n**2 - 9*n - 17. Is u(m) a prime number?
True
Let l = -1 + 7. Let x = 416 + -367. Is 3 + -7 + l + x composite?
True
Suppose 30 = 5*r - 2*a, -2*a - 24 = -10*r + 6*r. Let q(n) = 104*n**2 - 10*n + 103. Is q(r) composite?
True
Let f(v) = -v**2 + 3*v + 1. Let n be f(0). Let g(l) = 15896*l**3 - 4*l**2 - 3*l + 4. Is g(n) a composite number?
True
Suppose 0 = 448*f - 447*f - 86813. Is f a composite number?
False
Is 2 + -11 + (-3)/((-12)/24152) a prime number?
True
Suppose -2*y = 4*w - 5138650, -93*w - 5138629 = -97*w + y. Is w a composite number?
False
Let w = -75 + 75. Suppose w = -5*d + 3*d + 536. Suppose -3*c + 329 + d = 0. Is c prime?
True
Suppose -5*p + 9 = -4*c, 0 = -3*p + 5*p + 2*c - 18. Suppose -8*d + 3*d = 2*s - 13889, -s + p*d + 6952 = 0. Is s a composite number?
False
Let b(p) = -11*p**3 + 20*p**2 + 10*p + 51. Let n be b(-14). Suppose -2*z - n = -3*h, -5*h + h + 45356 = -4*z. Is h a composite number?
True
Let z(o) = -o**3 - 2*o**2 - o + 6. Let j be z(0). Suppose 0 = j*y - y - 970. Suppose 2*s - s - 582 = -3*n, -n - 3*s = -y. Is n a prime number?
False
Let b(j) = 12*j**2 - 270*j + 1227. Is b(-139) prime?
False
Is (6756/9)/((-242272)/15144 + 16) a prime number?
False
Suppose 727503 - 179590 = 3*o - 4*f, -2*o - 3*f = -365315. Is o a composite number?
True
Let o(x) = 239*x**2 - 15*x + 32. Let t(z) = 717*z**2 - 44*z + 98. Let d(y) = -8*o(y) + 3*t(y). Is d(7) prime?
False
Let i = -1359 + 1905. Is 9586/7 + (-234)/i a prime number?
False
Let a(o) be the third derivative of -o**6/120 - 13*o**5/60 - 29*o**4/24 + 7*o**3/3 - 6*o**2. Let h be a(-10). Is h*-79*(-5)/20 a prime number?
True
Suppose 52 = -3*z + 73. Suppose -z*l = -10951 - 48990. Is l a composite number?
False
Let z(n) = 55*n**2 + 12*n - 18. Let o(l) = -54*l**2 - 10*l + 17. Let w(d) = 4*o(d) + 5*z(d). Is w(23) composite?
False
Suppose 2*m - 742 = 3*n, m - 2*n - 364 = 3*n. Suppose -m + 14634 = -4*j. Let r = -2004 - j. Is r composite?
True
Let z(u) = -82*u**3 + 4*u + 34. Let r(x) = x**3 + 7*x**2 - 22*x - 172. Let k be r(-6). Is z(k) prime?
False
Let c(n) be the first derivative of -6*n**4 + 2*n**3/3 + n**2 + n + 1. Let k be c(-2). Suppose 2*j - 5*f = 566, -j + k = -5*f - 76. Is j composite?
False
Suppose -151082 = -j + 3*k, 48*j + k - 151094 = 47*j.